is divided by 54.
50
Let n = 146 + -55. Suppose 2*b - 5*i = 104, -393 + n = -5*b + 2*i. What is the remainder when b is divided by 77*(-85)/(-238)*((-155)/(-25) - 5)?
29
Let n be (-12)/96 - (-433)/8. Let a = n + -51. What is the remainder when 185 is divided by 45 + (8/a - (-6)/(-9))?
44
Let m(o) be the third derivative of 7*o**5/60 - o**4/8 - 13*o**3/3 + 2*o**2 + 20*o. What is the remainder when m(-4) is divided by 51?
47
Suppose -11 = -2*y + 11. Suppose -4*t + 0*t = t. Suppose -11*p + 0*p + 352 = t. What is the remainder when p is divided by y?
10
Let r be (-1056)/21 + (-10)/(-35). Calculate the remainder when 28 is divided by (-7)/14 - r/4.
4
Calculate the remainder when 1342 is divided by (-36)/(-2)*(3 + (-195)/(-9)).
10
Let c(h) = h**2 + 4*h + 3. Let k be (176 - 174) + (-517 - 1/1). Let t = k - -618. What is the remainder when t is divided by c(-6)?
12
Calculate the remainder when (3 + 14)/(972/(-75) - -13) is divided by 138.
11
Suppose -3*k + 4*k = 3*k - 13854. What is the remainder when k is divided by 45?
42
Let f = -804 - -455. Let r = -277 - f. What is the remainder when r is divided by 66?
6
Suppose -2*i = 2*i + 20, 4*a - 180 = 4*i. What is the remainder when (-1787)/(-8) + 1 + (-15)/a is divided by 25?
24
Suppose -3*j - g = -360, -3*g + 1176 = 3*j + 816. What is the remainder when 955 is divided by j?
115
Let z(v) = 4*v**2 + 2. Let y be z(-1). Suppose -y = b - 4*b, 4*s = b + 278. Calculate the remainder when s is divided by 47.
23
What is the remainder when 260 is divided by -5*(12 - 903/15)?
19
Let p = -197 - -195. What is the remainder when 246 is divided by (1 + p)/(-1*(-4)/(-72))?
12
Suppose 0 = 145*q - 164*q + 5833. What is the remainder when q is divided by 155?
152
Let g(t) = 655*t + 3392. Calculate the remainder when 254 is divided by g(-5).
20
Let z(f) = 17*f + 8*f**2 + 6*f**2 - 15*f**2 - 53 - 49*f. What is the remainder when z(-21) is divided by 43?
6
Let i(t) = 3*t**2 - 11*t + 2. Let x(h) = 14*h**2 - 46*h + 9. Let p(f) = -9*i(f) + 2*x(f). What is the remainder when 57 is divided by p(-10)?
27
Suppose 0 = -n - 3*n + 64. Let l(g) = g**2 + 15*g + 43. Calculate the remainder when l(-20) is divided by n.
15
Let v = 148 + -130. Let z be -15*(-34)/4*(-14)/(-21). Let s = -79 + z. Calculate the remainder when v is divided by s.
0
Suppose 0 = -32*s + 24*s + 16. Suppose 3*l - 117 = -3*n, 2*l - 156 = -s*l - 2*n. Calculate the remainder when l is divided by (-10)/(1/2 + -1).
19
Let f = -4888 + 5187. Calculate the remainder when f is divided by 94.
17
Suppose -3*c + 452 - 136 = 4*b, b - 5*c - 79 = 0. Let g(h) = 30*h**2 + 1. Let a be g(2). Let m = a - b. Calculate the remainder when m is divided by 22.
20
Let k = 3741 + -3712. What is the remainder when 1064 is divided by k?
20
Suppose 2*x + 816 - 78 = 0. Let u = -200 - x. Calculate the remainder when u is divided by 1/3 - 256/(-6).
40
Let d = -1007 - -1578. What is the remainder when d is divided by 25?
21
What is the remainder when (-4948)/(-9) - (585/65 + 166/(-18)) is divided by 7?
4
Let r(a) = a**2 - 19*a + 91. Let y be r(7). Suppose -270 - 220 = -y*w. Calculate the remainder when w is divided by (9/(-2))/((-1)/2).
7
Let b = 4512 - 4471. Let f = 0 + 23. What is the remainder when b is divided by f?
18
Let j(s) = 26*s. Let w be j(6). Let i = -61 + w. Suppose -5*b - 2*x = -i, -2*x + x + 5 = 0. What is the remainder when 63 is divided by b?
12
Suppose 0 = 3*j - 44 + 29. Suppose -1 = 4*n - j. What is the remainder when ((-12)/5)/(n/(20/(-6))) is divided by 7?
1
Suppose 27*k - 30*k = -3*c + 1584, 4*c = -4*k + 2096. Calculate the remainder when c is divided by 62.
30
Suppose 1078*x = 540*x + 532*x + 234. Suppose 5 = -5*h, -i + 2*i - 4*h - 195 = 0. What is the remainder when i is divided by x?
35
Let r(n) be the third derivative of -n**4/24 + 7*n**3/3 - 8*n**2 - 5*n. Calculate the remainder when 106 is divided by r(2).
10
Suppose 8*i - 17*i - 6688 + 24130 = 0. Calculate the remainder when i is divided by 323.
0
Let j = 4579 + -4558. What is the remainder when 2329 is divided by j?
19
Let j be (-13)/(234/(-4)) - 86/(-18). Suppose 0 = f - 3*x - 28, -118 = -j*f + 7*x - 3*x. What is the remainder when f is divided by 9?
4
Let l be 3 - ((-20)/5 + 3). Let a = 97 + -68. Calculate the remainder when 85/(l*1 + (-3 - 0)) is divided by a.
27
What is the remainder when (-1)/(-3) - (-188865)/(-54)*(-8)/30 is divided by 208?
101
Let i = -1 - -5. Suppose -3*t + 67 = -2*m, 5*m - 72 = -i*t - 21. Calculate the remainder when 68 is divided by t.
11
Suppose 0 = -7*n + 1 + 13. Suppose 6*c - 7*c = -n. Suppose -c*p + 21 = o, 3*p + 5*o - 40 = -2*p. Calculate the remainder when 51 is divided by p.
12
Let y be (210/120)/(1/4). What is the remainder when 14 is divided by y*6/21 + (0 - 0)?
0
Suppose -375*w + 749*w + 4419 = 377*w. Calculate the remainder when w is divided by 733.
7
Let f(r) = -r**2 + 40*r - 169. Calculate the remainder when 2011 is divided by f(6).
16
Calculate the remainder when 146 is divided by (-247 + -17)*4/(-8).
14
Suppose -2*k + 64 = 3*o, -596*o - 81 = -3*k - 598*o. Calculate the remainder when 69 is divided by k.
0
What is the remainder when (-2062)/(-6) + -7 + 11 + 28/(-6) is divided by 23?
21
Let y(a) = 155*a + 146. Let r be y(-4). Let q = 485 + r. Let c = 18 - 0. What is the remainder when c is divided by q?
7
Let o(d) = 13*d - 6. What is the remainder when o(10) is divided by 39?
7
Suppose -9*x = -52883 - 62848. What is the remainder when x is divided by 59?
56
Let t be (-132)/(-28) + 6/21. Suppose -c - t*q = -50, -158 = -4*c - 12*q + 13*q. Calculate the remainder when c is divided by 9.
4
Let r = -130 - -390. Let m = -125 + r. What is the remainder when m is divided by 6?
3
Let v(n) = 4*n**2 - 10*n + 9. Let s be v(3). Let i(j) = s*j - j**2 + 17 + 16*j - 18*j. What is the remainder when 19 is divided by i(14)?
1
Suppose 126*y + 4*y + 32*y - 663714 = 0. What is the remainder when y is divided by 157?
15
Let h(j) = 9*j**3 + 3*j**2 - 17*j + 58. Let a be h(4). Calculate the remainder when (a/8)/((-41)/(-164)) is divided by 31.
28
Suppose 0 = -8*d - 113 - 7. Calculate the remainder when 73 is divided by ((-42)/9)/(d/(-18) - 1).
17
Let r be 280/(-12)*(-18)/3. Let g be r/56*(73 + 1). Suppose 27*d - 22*d - g = 0. Calculate the remainder when d is divided by 13.
11
Suppose -4*w = -t - 12, 2*t - 8 = -t + w. Suppose t*k = k + 39. Calculate the remainder when k is divided by 4.
1
Let c be -69*(-2)/2 + 9/(-9). Let m = c + -24. What is the remainder when m is divided by ((-20)/8)/(11/(-66))?
14
Suppose 0*u = -4*l + 4*u + 1704, 4*l - 1703 = 5*u. What is the remainder when l is divided by (1 - -42)*(7 + (-48)/8)?
40
Suppose 0 = -2*i + 29 - 1. Let f be 21*-4*9/(-4). Suppose -5*n = -3*r - 36 - f, -265 = -5*n - 5*r. Calculate the remainder when n is divided by i.
6
Suppose 9*h = 26*h - 34. Calculate the remainder when 170 is divided by h + 42 + (-2)/2.
41
Let f be (-24)/(-6)*(1 - (-121)/(-4)). Let m = f - -168. Let a = m + -32. What is the remainder when a is divided by 11?
8
Let f be 8/(-24) - 13/(-3). Suppose 67 = f*k - 97. Let l(t) = -19*t - 1954. What is the remainder when k is divided by l(-104)?
19
Suppose -4*t = -3*i - 403, -149*t + 438 = -145*t + 2*i. What is the remainder when 1286 is divided by t?
14
Suppose 0 = x - 7, -23*x + 18*x + 1105 = 5*f. Calculate the remainder when 521 is divided by f.
93
Suppose -31*j = 4*b - 35*j - 480, -3*j + 104 = b. Calculate the remainder when 3131 is divided by b.
115
Let o = 208 + 1715. Calculate the remainder when o is divided by 43.
31
What is the remainder when 2158 is divided by 11 + -1*(10 + -14) + 345?
358
Let s = -1310 - -1555. Calculate the remainder when s is divided by 34.
7
Let g(a) = 5*a**3 - 4*a**2 - a - 1. Let j be 8/14 - ((-204)/84)/1. What is the remainder when g(j) is divided by 42?
11
Let n be (-4)/(-8)*1*-6 - 329. What is the remainder when 32 is divided by n/(-20) + 16/40?
15
Let i be 954*3*(-33)/(99/(-2)). Suppose 7*o + i = 19*o. What is the remainder when o is divided by 3?
0
Let x(i) = -i**2 - 14*i - 43. Let l be x(-5). Calculate the remainder when l/(-8)*3*2416/(-12) is divided by 43.
22
Let q(s) = 726*s + 54 + 87 + 58 - 706*s. Suppose -3*o - j = -102, 2*j - 7*j + 68 = 2*o. What is the remainder when o is divided by q(-9)?
15
Let q be